hat is -5 + 2642?
2636
In base 13, what is -173 - -9?
-167
In base 5, what is -10 + 1040?
1030
In base 2, what is 100111 - -11010?
1000001
In base 9, what is 343 + 3?
346
In base 7, what is -20 - 2033?
-2053
In base 6, what is -33 + -20?
-53
In base 7, what is -3 + -2360?
-2363
In base 8, what is -1 - 1143?
-1144
In base 13, what is 289 - 0?
289
In base 3, what is 0 - 10120?
-10120
In base 12, what is 35 + 31a?
353
In base 7, what is -3 - -33?
30
In base 4, what is -20022 + -11?
-20033
In base 11, what is -198 + 18?
-180
In base 5, what is -43203 + -10?
-43213
In base 3, what is 1010201 + -11?
1010120
In base 13, what is 106b - -4?
1072
In base 14, what is -2 - 71?
-73
In base 11, what is a49 - -1?
a4a
In base 11, what is -8 + -63?
-70
In base 10, what is 15 + 16?
31
In base 14, what is 328 + 3?
32b
In base 16, what is -b + -9?
-14
In base 3, what is 201111 + 12?
201200
In base 8, what is 34 + -104?
-50
In base 14, what is 240 + -2?
23c
In base 15, what is -5 + -25?
-2a
In base 5, what is 22 + -4?
13
In base 14, what is 2c70 - 2?
2c6c
In base 11, what is 86 + -88?
-2
In base 3, what is -120200 - -221?
-112202
In base 16, what is 77 - 0?
77
In base 6, what is 523151 - 4?
523143
In base 4, what is -300 - 1?
-301
In base 7, what is 16 - -1162?
1211
In base 14, what is -195 + -b?
-1a2
In base 16, what is 49b + -4?
497
In base 6, what is 101 - -10?
111
In base 7, what is -23121 - 2?
-23123
In base 13, what is -288 + -4?
-28c
In base 6, what is 123044 - 2?
123042
In base 10, what is 3 + 23?
26
In base 4, what is 23 + -1111?
-1022
In base 5, what is -20 - -330?
310
In base 4, what is 2 - 132322?
-132320
In base 11, what is 31 - 93?
-62
In base 3, what is -210221222 + 10?
-210221212
In base 13, what is 593 + 1?
594
In base 14, what is 8 + -24?
-1a
In base 4, what is -33 - -102?
3
In base 15, what is 47 + 4?
4b
In base 6, what is -41 + 134?
53
In base 4, what is 1010 + 301?
1311
In base 5, what is 131 - -23?
204
In base 4, what is -3 - 313011?
-313020
In base 5, what is 1 - 13?
-12
In base 11, what is -2 - -1a91?
1a8a
In base 8, what is 602 + -25?
555
In base 16, what is -3 - 1e33?
-1e36
In base 8, what is 47 + 2?
51
In base 3, what is 201 + -102?
22
In base 5, what is -143 - 12?
-210
In base 11, what is 232 + -5?
228
In base 10, what is -3 + -659?
-662
In base 13, what is 3 + -a47?
-a44
In base 2, what is -1010011 - 0?
-1010011
In base 8, what is -6746 + 3?
-6743
In base 10, what is 5 - -8759?
8764
In base 8, what is 11 - 107?
-76
In base 16, what is -323 + -3?
-326
In base 7, what is -4 + 122?
115
In base 9, what is 4 + 54?
58
In base 3, what is -201210 + -1?
-201211
In base 3, what is 20 + -1111?
-1021
In base 4, what is 112 - 30?
22
In base 14, what is 4 + 56?
5a
In base 12, what is 4a - -a?
58
In base 5, what is -433 + -1?
-434
In base 13, what is -68 + 1?
-67
In base 8, what is -15 - 3?
-20
In base 8, what is 1 - 733?
-732
In base 10, what is 2 - -83?
85
In base 11, what is -2 + 50?
49
In base 2, what is 11000110111001 + -101?
11000110110100
In base 10, what is 153 + 5?
158
In base 8, what is 5 + -170?
-163
In base 2, what is 10011 - 0?
10011
In base 2, what is -110011 - 100011?
-1010110
In base 10, what is -3231 - -4?
-3227
In base 5, what is 200 + 11?
211
In base 2, what is 0 + -110110100?
-110110100
In base 7, what is -6614 + 2?
-6612
In base 11, what is -1068 + -3?
-1070
In base 12, what is 2 + -34?
-32
In base 12, what is -1 + 5364?
5363
In base 10, what is -5 - 68?
-73
In base 8, what is -7 + 35?
26
In base 2, what is 1 + -11010111?
-11010110
In base 9, what is 366 + -1?
365
In base 15, what is c + 0?
c
In base 10, what is 218 - 0?
218
In base 16, what is -1 + -1ff8?
-1ff9
In base 11, what is -25 - -2?
-23
In base 7, what is -2 + 2053?
2051
In base 14, what is -d + 16d?
160
In base 14, what is -5 + -70?
-75
In base 9, what is 68 - 15?
53
In base 10, what is 1 + 1073?
1074
In base 16, what is -be - 31?
-ef
In base 7, what is 52 + -140?
-55
In base 8, what is 2 + -104?
-102
In base 5, what is 4 - -3221?
3230
In base 13, what is a - -c8?
105
In base 11, what is -486 - 5?
-490
In base 16, what is -3b1 - 1?
-3b2
In base 15, what is 2ec + -4?
2e8
In base 15, what is 0 - -5b?
5b
In base 2, what is -11100110 + -1000000?
-100100110
In base 2, what is -100 + -100101001?
-100101101
In base 3, what is 21011 + 1?
21012
In base 10, what is 366 - 3?
363
In base 13, what is 56 - -1c?
75
In base 14, what is -1 + -433?
-434
In base 3, what is -11 - -12?
1
In base 4, what is 230 + -221?
3
In base 15, what is 15 - e0?
-ca
In base 7, what is 1146 - -5?
1154
In base 6, what is 22 - -44?
110
In base 5, what is -3 + 121?
113
In base 15, what is -230 + 0?
-230
In base 8, what is 6 - 31?
-23
In base 13, what is 85 - 7?
7b
In base 9, what is 2 + -28?
-26
In base 13, what is -c - 97?
-a6
In base 3, what is 22000 - 2?
21221
In base 12, what is 21068 + -2?
21066
In base 4, what is 0 - -10221?
10221
In base 4, what is 122 - 10?
112
In base 14, what is 5436 + -3?
5433
In base 2, what is 10111 + 100?
11011
In base 8, what is -41745 - -2?
-41743
In base 4, what is 0 + 112000?
112000
In base 14, what is -2 + 172?
170
In base 7, what is 32 + 50?
112
In base 10, what is -45 - 23?
-68
In base 4, what is 20132 - -3?
20201
In base 8, what is -473 + -4?
-477
In base 3, what is 12002 + 20?
12022
In base 4, what is -22220 + 11?
-22203
In base 16, what is 2 + 5f?
61
In base 10, what is -66 - 0?
-66
In base 13, what is 2 + 35?
37
In base 6, what is -22 - 4?
-30
In base 6, what is -2 + -113?
-115
In base 4, what is -1102023 - 11?
-1102100
In base 13, what is 5 - 7b?
-76
In base 4, what is -1 - 11133?
-11200
In base 16, what is 46d - -6?
473
In base 15, what is c + 3?
10
In base 12, what is 0 - 50?
-50
In base 6, what is -5 - 203?
-212
In base 14, what is 1 - 23?
-22
In base 6, what is 0 + 15?
15
In base 13, what is 97 + 3?
9a
In base 16, what is 82 + -2?
80
In base 14, what is 5b - 32?
29
In base 11, what is -5 + 3?
-2
In base 9, what is 1726 - -4?
1731
In base 2, what is 10 - -100000?
100010
In base 11, what is -3a5 + 4?
-3a1
In base 5, what is 12 + 3423?
3440
In base 15, what is -4 - 3c9?
-3cd
In base 9, what is 1335 - 6?
1328
In base 13, what is -19 - -2?
-17
In base 10, what is 303 - 2?
301
In base 13, what is -188 + 2?
-186
In base 4, what is -311032 - -13?
-311013
In base 4, what is -3 - 12331?
-13000
In base 12, what is -102 + 1?
-101
In base 12, what is -4 + -115?
-119
In base 16, what is 17 - 23?
-c
In base 10, what is -1 - -3226?
3225
In base 6, what is 4 - 34?
-30
In base 5, what is 24 + -33?
-4
In base 16, what is 84 - -a1?
125
In base 15, what is -7 - 4?
-b
In base 13, what is -5b + 0?
-5b
In base 4, what is 1020 + -10?
1010
In base 11, what is -86 + -a?
-95
In base 3, what is -10 + 10100?
10020
In base 13, what is 4 + -550?
-549
In base 13, what is 575 + 1?
576
In base 10, what is -6960 + -1?
-6961
In base 2, what is 11011 + -11000110?
-10101011
In base 11, what is 37 + 5?
41
In base 14, what is 5 - -bd4?
bd9
In base 14, what is -35 - -18?
-1b
In base 13, what is -1c8 - -1?
-1c7
In base 13, what is 5 - -231?
236
In base 13, what is a18 + 1?
a19
In base 4, what is -1 + -103332?
-103333
In base 10, what is 3 - 308?
-305
In base 4, what is 2 - -1100?
1102
In base 15, what is -212 + 3?
-20e
In base 5, what is -413 + 11?
-402
In base 12, what is -b1 + -9?
-ba
In base 10, what is -1 - -283?
282
In base 12, what is -4 - -1765?
1761
In base 13, what is -9 - 104?
-110
In base 12, what is -1 + 282?
281
In base 7, what is 501 - -34?
535
In base 3, what is 10 + -2201021?
-2201011
In base 10, what is 3 - -31?
34
In base 13, what is 3 - 32c?
-329
In base 6, what is 3340 - -5?
3345
In base 11, what is -371 - 5?
-376
In base 16, what is -2 + 10?
e
In base 14, what is 43 - 0?
43
In base 13, what is 2 + 4?
6
In base 5, what is 14023 - -4?
14032
In base 8, what is 2 - -1473?
1475
In base 14, what is -4 + 1a?
16
In base 16, what is 6 - -577?
57d
In base 11, what is a8 - 15?
93
In base 14, what is -77 - -5?
-72
In base 4, what is -1212 - -13?
-1133
In base 3, what is 2110 - -121?
10001
In base 16, what is 1 - -3f?
40
In base 10, what is -17 - -26?
9
In base 16, what is -1 + 0?
-1
In base 7, what is -2 - 150?
-152
In base 6, what is 0 - -1301?
1301
In base 10, what is -599 + -26?
-625
In 